57
Suppose 0 = -4*t + 54 + 78. Let h be (4/(-6))/(2/48). Let u = t + h. List the prime factors of u.
17
Let i(l) = -l**3 + 6*l**2 + 2*l - 9. Let p be i(6). Suppose -y - 42 = -p*y. Suppose -3*x - y = -4*x. What are the prime factors of x?
3, 7
Suppose -105 = -3*t - 2*t. Let j = 22 - t. What are the prime factors of 4*j/(8/98)?
7
Let s = 75 - 118. Let q = s - -85. What are the prime factors of q?
2, 3, 7
Let l(i) = -i + 1. Let a be l(0). Let k be (-2)/(-3)*a*3. Suppose -k*o = 2*z - z - 63, 5*o = -z + 153. What are the prime factors of o?
2, 3, 5
Suppose -5*k + a + 3*a + 8 = 0, 0 = k - 3*a - 6. Let d(h) = -h**3 - h - 19. Let c be d(k). Let i = -5 - c. What are the prime factors of i?
2, 7
Suppose 262*n - 18768 = 254*n. What are the prime factors of n?
2, 3, 17, 23
Let a(u) = -u**2 + 7*u + 10. Suppose -3 = -f + 5. Let j be a(f). Suppose -3*v = -j*v - 21. What are the prime factors of v?
3, 7
Let d(u) = 2*u + 2*u**3 + 6 + u**3 - 4*u**3 + 7*u**2. Let z be 1/(-4) - (-148)/16 - 2. List the prime factors of d(z).
2, 5
Suppose -2*k = 2*r - 26, 4*r - 2*r + 34 = 3*k. Suppose 4*o + k = 0, 0 = 2*x + 3*x + o - 27. List the prime factors of -2*9/x - -38.
5, 7
Let w(m) = m**3 + 3*m**2 - 5*m + 1. Let d be w(-5). Let q(s) = -4*s**2 - 67*s + 20. Let x be q(-17). List the prime factors of (-4)/x*(d + -3).
2, 3
Suppose -16304 = 52*u - 60*u. What are the prime factors of u?
2, 1019
Suppose -8*t = -11*t - 459. Let a = t + 236. What are the prime factors of a?
83
Let j(k) = -k**2 + 89*k - 154. List the prime factors of j(74).
2, 239
Suppose -564 = 4*n - 8*n. Let g = n - 55. What are the prime factors of g?
2, 43
Let o(j) = 34*j**2 - 3*j + 3. Let w be o(4). Suppose 6*u - 1397 - w = 0. List the prime factors of u.
2, 7, 23
Suppose -5*k = -0*k + 5. List the prime factors of 73 + (k/1 - -4).
2, 19
List the prime factors of -4*(-49)/28 - -361.
2, 23
Suppose 0 = -6*r + r - 145. Let k = 1 - r. Suppose 2*p - p - k = o, -3*o = 4*p - 134. What are the prime factors of p?
2
Suppose -4*v = v - 75. Let j = -8 + v. What are the prime factors of (1/(-1))/(j/(-511))?
73
Suppose 5*t = 5*b - 12295, 2*b - 9821 = -2*b - t. List the prime factors of b.
2, 307
Suppose -2*r - 324 = -31*j + 27*j, 0 = j - 5*r - 81. List the prime factors of j.
3
Let s(h) = 201*h**3 + 8*h - 8. What are the prime factors of s(2)?
2, 101
Suppose -5*f + 2*t = -2320, -464 = -f - t - 0*t. Suppose f + 406 = 6*p. What are the prime factors of p?
5, 29
Let t(w) = 6*w**2 + 4*w + 15. Let k(u) = -13*u**2 - 8*u - 29. Let m(v) = 4*k(v) + 9*t(v). List the prime factors of m(-8).
5, 23
Suppose 0*z - 3*z - 420 = -3*i, 5*z - 5 = 0. Let u = i - 197. What are the prime factors of (-3008)/u + 4/14?
2, 3
Suppose 3*l + 0*s - 1364 = 5*s, -3*s + 903 = 2*l. What are the prime factors of l?
3, 151
Let d(q) = 4*q**2 + 2 + 2*q - 2*q**2 - q. Let c be d(2). Let x = -3 + c. List the prime factors of x.
3
Let p be 0/(-22) - (1 - 15). Suppose 372 - 4628 = -p*l. List the prime factors of l.
2, 19
Let m = 84 + -43. Let o = 84 - m. What are the prime factors of o?
43
Suppose 6*m - 4751 = 6877. List the prime factors of m.
2, 3, 17, 19
Suppose -2*n + 62 = 3*y, 2*n + 0*n = -4*y + 80. Suppose -7*o + y = -584. What are the prime factors of o?
2, 43
Let a = -15 - -20. Suppose 2*b - 5*o = 61 + 17, o = a*b - 149. What are the prime factors of b?
29
Let i(n) be the first derivative of 11*n**5/30 + n**4/24 - 3*n**2 - 1. Let l(c) be the second derivative of i(c). What are the prime factors of l(-1)?
3, 7
Suppose 8*h + 5*w = 14*h - 22131, 11058 = 3*h - 5*w. List the prime factors of h.
3691
Let l(d) = -d**2 + 50 + 7*d**3 - 10 - 39. Suppose 0 = 3*x + 4*v - 26, -x + 5*v - 23 = -0*x. List the prime factors of l(x).
53
Suppose t = -5*w + 9 + 9, 2*w - 16 = 4*t. Suppose -2*k - 6 = 2, w*k - 416 = -4*x. Suppose 6*i - x = 3*i. List the prime factors of i.
2, 3
Let s = 881 + -466. What are the prime factors of s?
5, 83
Suppose 0 = -3*y + 6. Suppose 2*s - 7 = 3*q, -y*s = -4*q + 2*s - 4. Let j = 14 + q. What are the prime factors of j?
3
Let d be (132/(-10))/(78/520). Let v = d - -179. List the prime factors of v.
7, 13
Suppose -r + 1031 = 6*x - x, -4 = 4*x. List the prime factors of r.
2, 7, 37
Suppose -9*t = -7907 - 1021. What are the prime factors of t?
2, 31
Suppose -w + 28 = -1. Suppose -6 = -l - a + w, -5*a = 3*l - 111. Suppose t + t = l. What are the prime factors of t?
2
Let q = 8026 - 5017. List the prime factors of q.
3, 17, 59
Let w(h) = h**2 - 26*h + 12 - 18 + 9*h. Let n be w(17). Let p(z) = -z**3 - 5*z**2 + 2*z - 12. List the prime factors of p(n).
2, 3
Let p(s) = s**2 - 3*s + 3. Let g be p(-11). What are the prime factors of 10/20 + g/2?
79
Suppose -5*t + t + 3 = -3*v, -5*v = -5*t. Suppose -v*h = -4*q - 5, 3*q - 2*q - 4 = 0. What are the prime factors of h?
7
Let t = 33 - 13. Suppose -2*j + t = 2*i, -2*j = i - 7 - 2. Let o = i - -12. List the prime factors of o.
23
Suppose 2*q + 2*p = 1008, 4*p + 205 + 314 = q. What are the prime factors of q?
3, 13
Let a(p) = -9*p + 0*p - 5*p + 11. What are the prime factors of a(-3)?
53
Let h(m) = -m**3 - 12*m**2 + 14*m + 16. Let t be h(-13). Let w = 7 - t. Suppose -w = -v - a + 9, 2*v + 2 = 5*a. List the prime factors of v.
3
Let l be (-316)/(-12) + 4/6. Suppose -4*p = 5*b - 5, 2*p + 1 = 5*b - 4. Let d = b + l. List the prime factors of d.
2, 7
Let s(i) = 2*i**2 - 26*i - 1. What are the prime factors of s(-6)?
227
Let v(u) = 9*u**3 + u**2 + 2*u + 1. Suppose -4 - 5 = -j + 2*s, -j = -5*s - 24. Let b be v(j). Let t = b - -14. What are the prime factors of t?
5
Suppose -2*x = -a - 26, 3*a + a = 4*x - 116. Let p = a + 37. List the prime factors of p.
5
Let i(f) = -2*f + 264. What are the prime factors of i(0)?
2, 3, 11
Let n = 1503 - 867. What are the prime factors of n?
2, 3, 53
Let g(a) = 68*a - 20. Let m be g(-10). What are the prime factors of m/(-21)*(-2 - -8)?
2, 5
Suppose 2*y + 8 = 0, 0 = 4*s - 2*s + 3*y - 14. Let i = -9 + s. List the prime factors of i/(-10) + (-981)/(-15).
5, 13
Let k = -21 - -25. Suppose -5*j - k*d + 525 = d, 4*d = 3*j - 322. List the prime factors of j.
2, 53
Suppose -2*d = 14*p - 16*p - 5592, -4*p + 2786 = d. List the prime factors of d.
2, 11, 127
Suppose 4*p + 3*u - 5588 = 0, -14*u - 6966 = -5*p - 13*u. What are the prime factors of p?
2, 17, 41
Let u be 3/(-1*12/(-472)). Let s = u + -68. Suppose i = -0*i + s. What are the prime factors of i?
2, 5
Let r be ((-5)/(-2))/((-1)/(-2)). Let t(f) be the second derivative of f**3/2 - 5*f**2/2 - 3*f. List the prime factors of t(r).
2, 5
Let a(q) = q + 12. Let w be a(-10). Let b(g) = -g**2 - 19 - 2*g**w + 4*g**2 + 12 + 7*g. List the prime factors of b(-9).
11
Let t = -146 - -204. Suppose -5*q + t = -67. List the prime factors of q.
5
Let i be 1 + -1 + (-8)/(-8). Let u be 1 + (12/i)/3. Suppose 231 = u*y - 3*w - 81, 2*y = 3*w + 123. List the prime factors of y.
3, 7
Let x(w) be the first derivative of 1 + 2*w**2 - w + 0 - w + 0. List the prime factors of x(6).
2, 11
Let z(t) = 73*t + 141. What are the prime factors of z(15)?
2, 3, 103
Let f be (-4 - -5)*3*1. Suppose 2*l - 13 = -3*j, 0 = -f*l - 0*l + 3*j + 12. Suppose -5*b - 30 = -4*c, b = c - l - 3. What are the prime factors of c?
2, 5
Suppose 73*q + 320 = 71*q. Let i = 292 + q. What are the prime factors of i?
2, 3, 11
Suppose -18*s + 15*s = -9. Suppose y - 102 = -y - 5*v, 153 = s*y + 3*v. List the prime factors of y.
3, 17
Suppose -2*k = 5*k - 28. Suppose -160 = -9*j + k*j. List the prime factors of j.
2
Let z(h) = 3*h**3 - 5*h**2 - 9*h + 10. Let y be z(5). Let j = y + -128. Suppose -4*d = -j - 9. List the prime factors of d.
2, 3
Suppose 2*g + 208 = 4*z, 0 = 2*g + 2*z + 182 + 20. Let b = -34 - g. Suppose k + k = -f + b, f = -2. List the prime factors of k.
5, 7
Let g = 421 - -252. List the prime factors of g.
673
Let o(t) = -3*t - 3. Let n be o(-5). Suppose 2*g + 4*a + n = 0, 0*g + g - 9 = a. Suppose -g*l + 3*l = -36. List the prime factors of l.
2, 3
Let w be 2*4/(-16)*-642. Let c = w + -163. What are the prime factors of c?
2, 79
Let c(l) = -337*l + 492. List the prime factors of c(-7).
2851
Let l be 20/(-15)*(-6)/4 - 106. Let k = 30 - l. List the prime factors of k.
2, 67
Suppose 2*z - 3 = -3*r, -1 = 3*z + r - 2*r. Suppose 7*h - 10*h + 15 = z. Suppose -4*k - h*y + 101 = 0, -14 = -3*k + 5*y + 